late (1 - 9) + 4 + 139 + -140.
-5
What is (-5 - (5 - 10)) + 13?
13
What is 8 - (0 - (5 - 1))?
12
What is (38 - (11 + 4)) + -2 + (5 - 7)?
19
Calculate -690 + 699 - ((-1 - -2) + (9 - 2)).
1
Calculate ((-12 - -6) + -7 - 0) + 3.
-10
Calculate (-2 - 3) + (10 - 3) - (-1 - 1).
4
What is -4 + (-9 - 0) - (-11 - 29)?
27
Calculate -12 - ((17 - 13) + -6).
-10
-1 + (-2 - -2) + 1 - (-625 + 627)
-2
What is -24 + 61 + -5 + -23?
9
What is 7 + -5 + 2 - (18 - 12)?
-2
Evaluate 5 + 15 + -2 - (3 - -2 - 3).
16
Evaluate 0 + -1 + (-10 - ((-22 - -8) + 8)).
-5
What is the value of (-1 - -3) + 7 + (-7 - (8 + -10))?
4
Calculate 11 - ((-4 - -17) + -3).
1
What is 2 + 6 + (1 - 4) + -5 + 8?
8
What is 14 - -19 - 11 - 28?
-6
What is the value of 6 + 2 + -24 - ((-4 - 3) + 6)?
-15
What is -12 + -13 + (-5 - -10)?
-20
What is 0 + (12 - (-8 + 11 + 7 + -6))?
8
83 + -95 - (-2 + -1 + 2 + 1)
-12
Calculate -1 - 15 - ((1 - 5) + -3).
-9
What is the value of -84 + 92 - (8 + (2 - 3) + 3)?
-2
-27 - (7 - 5) - -8
-21
-1105 + 1109 + (-6 - (0 - 0))
-2
What is the value of -8 + (22 - 20) + 1?
-5
What is the value of 16 + (6 - (27 + 14 + 13))?
-32
Evaluate (19 - (-2 - -14)) + (-1 - -2) + 8.
16
What is (-23 - 0 - (-14 - 2)) + 31 + 0?
24
(0 - -1) + (7 - 6) + 3 + 1
6
What is 0 + 5 + (-2 - (10 + -6)) + -6?
-7
(-7 + 8 - (-21 - -9)) + 12
25
(-17 + 29 - 13) + 5
4
Calculate -8 - 8 - -12 - (1 + -2 - 2).
-1
What is the value of 4 + 7 - (-127 + 113)?
25
What is (-11 - -4) + -26 - -56?
23
-20 - ((-1 - -13) + -7 + -10 + 0)
-15
(6 - 0) + -9 + (-37 - -9)
-31
Evaluate -8 + 1 + (-15 - (-28 - -13)) - -5.
-2
2 + -2 - (26 + -26 + (-3 - 0))
3
What is (-13 + 1 - (0 + -5)) + 2 - 4?
-9
Evaluate 6 - -15 - 16 - (1 - -1).
3
Calculate -2 - 0 - (-10 - (-18 + -2)).
-12
Calculate 21 - (8 + (15 - 12)).
10
Calculate -2 + (1 - 23) + -2 + -30 + 34.
-22
What is (-1 - (1 - 19)) + 32 + -7 + -14?
28
Evaluate -185 - -168 - (0 + (0 - 3)).
-14
12 - (-5 + -11 + 28 + -15)
15
1 + 2 + (-20 - -15)
-2
What is the value of (-17 + 4 + 11 - -10) + -19?
-11
What is (-3 + 0 - (10 - 16)) + -14?
-11
What is 76 + -31 + (-28 - -7 - -4)?
28
What is the value of (30 - 34 - (-7 + 4 + 7)) + -11?
-19
Calculate 4 - (2 + -1) - 8.
-5
Evaluate (5 - 34) + -3 - (2 + 1).
-35
What is 6 + (70 - 76) - (-1 + 17)?
-16
Calculate 2 - ((18 - 50) + 19).
15
Evaluate 21 - -1 - (-71 + 87).
6
-7 + 4 - (-68 + 53)
12
7 + (-10 - (12 - 15))
0
Evaluate (3 - 2) + -3 + -7 + 3.
-6
-9 + (10 - (15 - 19))
5
Calculate -1 - (-16 - (-15 - -8)) - (-4 - -9).
3
What is the value of -3 - ((0 - -3) + -8)?
2
What is -4 + (-2 - -3) + -3 + 1 + 10?
5
Calculate (-8 - -9) + 6 + -6 + (3 - -1).
5
9 - (-10 + 22 + -9)
6
1 - (3 - (-2 + 3)) - (-31 - -31)
-1
What is 28 + (-62 - -18 - -32)?
16
-18 + (41 - 11 - -5)
17
Evaluate (-8 - -23 - 33) + 33.
15
Evaluate (0 - -2) + (2 - (-9 - -18)).
-5
Calculate (37 - 52) + (6 - -15) + 22.
28
Evaluate 600 + -587 - (4 - -2).
7
Evaluate 0 + -3 - (8 - 7) - (-11 - -13).
-6
What is (4 + 11 - -7) + -14?
8
What is the value of (2 - 8 - -19) + -9?
4
What is the value of (-1 - (-3 + -1)) + (355 - 359) + -7?
-8
What is the value of 0 + (12 - 12) + -9?
-9
What is the value of 4 + 17 + 16 + -30 - -5?
12
-68 + 65 + (-3 + 4 - -20)
18
1 - (-2 + (-16 - -11) + 1 + -6)
13
Evaluate (0 - -2) + 2 + (24 + -25 - -28).
31
6 - (-1 + 16 - -4)
-13
What is 5 + (16 - 38) + 17?
0
What is -13 + 8 + 0 - 2?
-7
What is -20 + -3 - (-76 + 29)?
24
What is the value of 2 - 18 - -8 - -9?
1
Evaluate 22 - 16 - (9 - 0).
-3
Calculate 136 + -149 + (2 - -43).
32
Evaluate 13 + (1 + -15 - (223 - 232)).
8
What is -3 - -5 - -2 - ((-12 - -6) + 0)?
10
Calculate -4 + 0 + (7 - -5) + -6.
2
What is the value of 44 + -31 + -3 + -10?
0
Evaluate (14 - (-8 + 0 + 11 + 8)) + 26.
29
(-3 + (2 - (6 - 0)) - -5) + 16
14
What is the value of -12 + (-1 - (0 + (-9 - -8)))?
-12
What is -12 - (-31 + 6 - -31)?
-18
What is 21 + 1 - (-29 + 39)?
12
What is the value of 20 - (-20 + 33) - 25?
-18
What is the value of 0 + -2 + -1 - (-15 - -17 - -7)?
-12
What is 12 + -6 - (4 + (-3 - 2) + 0)?
7
Calculate 4 - 1 - 19 - (-114 - -117).
-19
Evaluate 1 + -9 + 0 + -3.
-11
What is (-30 - -16) + 22 - 27?
-19
Calculate -24 + -36 + 69 + 1.
10
Calculate (15 - 25 - 2) + 5.
-7
What is the value of (3 - -4) + -4 + 23?
26
-45 - -48 - (2 + 1)
0
-15 - -26 - (21 - -3)
-13
Calculate 16 - (70 - (20 - -10)).
-24
What is -14 - (-26 - -25) - -26?
13
-19 + 21 - (-2 + 2)
2
4 + 5 + (0 - (15 + -5))
-1
What is (-28 - (-2 - 2)) + 12?
-12
(294 - 295 - (-5 - 0)) + -16
-12
What is the value of -7 + (25 - (17 - 6)) - 24?
-17
What is the value of -4 - -2 - (-52 + 20 - -31)?
-1
Evaluate (3 - 1) + 0 - 2 - (-1566 + 1589).
-23
Evaluate 158 + -199 - (7 + -32).
-16
Evaluate 1 + 27 - (1593 - 1575).
10
-9 - ((18 - -4) + -18)
-13
What is the value of (5 - 12) + (23 - 4) - 8?
4
1 + 12 - ((26 - 8) + -25)
20
What is the value of (0 - -14 - 10 - 2) + 13 + 1?
16
What is -20 - ((-7 - -20) + -12)?
-21
What is -4 + (4 - (1 + 1)) + 20 + -17?
1
Calculate -14 + 4 + 22 + -4 + -15.
-7
29 + (3 + 14 + -9 - 11)
26
-25 - -16 - (-10 + 3 + -2 - -3)
-3
Calculate (-43 - -13) + 12 - (4 + -7 + 1).
-16
What is -9 + 11 + 12 + -13?
1
What is the value of 38 - 15 - 11 - 41?
-29
What is the value of -37 + 19 - -26 - 16?
-8
Evaluate 2 + 1 + -2 + (9 - 12) + -7.
-9
What is the value of 8 + -21 + 55 + 1 + -17?
26
(-5 - (0 + -8) - -2) + -3 + 9
11
14 - (12 - 4) - 5
1
What is the value of (-1 - 35) + -156 + 164 + 10?
-18
Evaluate (5 - -2) + 18 + -22 + (16 - 0).
19
-2 + 1 + (-57 - -25) + 0 - -6
-27
-1075 + 1074 + -2 + -1 + 0
-4
What is -19 - ((5 - -4) + (-12 - (4 + -13)))?
-25
What is the value of 34 + (-47 - -29) - (-4 - -22)?
-2
Evaluate 26 + 1 + -14 + 14.
27
(-3 - -7 - 17) + 15 + -10 + -8
-16
Evaluate (-5 - (-15 - (1 - 7))) + -21 + -5.
-22
What is (-2 - (31 - 31)) + -1 + 1?
-2
What is 1 - -20 - 2 - (15 - -8 - 16)?
12
Calculate 1 + 8 - (-32 - -36).
5
Evaluate -16 - (-24 - -26 - 12).
-6
Evaluate 3 + -3 + (-1 - 11).
-12
What is 13 + (-4 - -1 - -10) + -4 + -8?
8
What is the value of 84 - 82 - (-10 - -1 - (-1 - -1))?
11
What is 4 + -14 + 23 + 4 - (-7 + 16)?
8
Calculate (1 - 15) + 796 + -773.
9
Evaluate (-28 - 0) + (-22 - -51).
1
Calculate 3 - -2 - (-16 - -22).
-1
What is the value of 2 + 4 + -6 + 6 + (2 - 9)?
-1
What is the value of 8 - (14 + -24 + 14)?
4
Evaluate -3 + -6 - (-136 + 149).
-22
Calculate -1 + -3 + (34 - 12 - 14).
4
What is -103 + 103 - (-11 - 4)?
15
What is 7 + (-24 + 15 - -13)?
11
Calculate (159 - 169) + (14 - 1).
3
2 + 9 + -13 + (13 + -10 - -4)
5
-5 + (-6 - -3 - -2 - (-11 + -3))
8
-38 + 7 + 10 - -8
-13
Calculate 13 - (-13 - -1 - -14).
11
Evaluate -10 + (-2 - 1 - -20) - -8.
15
What is the value of 12 - (-2 + (20 - 24))?
18
What is the value of ((-5 - 3) + 5 - 7) + (3 - -3)?
-4
-5 - -30 - 21 - ((18 - 1) + -1)
-12
What is -28 + 30 - 8 - (12 - -3)?
-21
Evaluate -7 + -1 + -34 + 12.
-30
(-6 - 1) + (-35 - -117 - 64)
11
Evaluate -2 + 3 + 5 + 3 + (-34 - -33).
8
What is the value of (-13 - 0) + (-3 - 2 - -1) + 9?
-8
Evaluate (201 - 204) + 3 + -1 + -12.
-13
Evaluate 109 - 50 - 61 - (0 - 11).
9
What is the value of -40 + (29 - 18) + 24?
-5
What is 67 + -58 - (-12 + 17 + -11 + 0)?
15
21 + (-31 - (-10 - -9))
-9
-1 + -3 + -1 - (-83 + 76)
2
What is 24 - 14 - (-32 - -65 - (10 - 1))?
-14
What is 5 - (-12 - (2 + 3 - 16))?
6
Evaluate -37 + 13 + (14 - -2).
-8
What is the value of -6 + 5 + (6 - (-2 + 20))?
-13
What is 5 + (-9 - -8 - -16) + -2?
18
Calculate (3 - (-4 - (2 + -5))) + 37 + -29.
12
2 + 17 + -14 + 7
12
-22 + 12 - (-26 - (12 - 14))
14
What is the value of 11 + (5 - 2) - ((-6 - 8) + 10)?
18
What is 5 - 0 - (-1 + 11 + (106 - 90))?
-21
Calculate 13 - ((7 - (8 + 4)) + -6 + 11).
13
Calculate -17 + -2 + 1 + (57 - -117 - 177).
-21
Evaluate (-2 - -18) + (-87 - -92).
21
(7 - 0) + (1 - (-1 + -1) - 2)
8
Evaluate 36 - (-16 + 47 + -12).
17
Calculate (-618 - -674) + (-33 - 0).
23
Calculate -1 - (2 + 0 - 10).
7
Calculate -5 - (-1 + 1 + 0 - (22 - 5)).
12
Calculate -4 + 9 + 3 + 4 - (14 + -22).
20
What is 12 + (-3 - 19) + -14 + 14?
-10
Calculate 1 + 8 - ((-63 - -79) + (-19 - -1)).
11
Calculate (8 - 3) + (-14 + 17 - -10).
18
What is the value of -30 - ((-9 - -5) + -11)?
-15
25 + -21 + 28 - 2
30
What is the value of 16 - (-1 + 14 - (-86 - -87))?
4
What is the value of (-9 - -1 - 5) + (-2 - -7)?
-8
-26 + -4 - (6 - 7 - 4)
-25
What is the value o